 Let j(k) = -3*k - 46. What is the units digit of j(l)?
2
Suppose -t - 3*m + 42 = -8, 5*t = -m + 292. Suppose b = 2*b - t. What is the tens digit of b?
5
Suppose -4*p = -x + 13, 0*x - 13 = 2*x + 5*p. Let h = -7 + x. Let g = h + 17. What is the tens digit of g?
1
Suppose -21*x - 840 = -x. Suppose 63 = -0*l + l. Let i = l + x. What is the tens digit of i?
2
What is the units digit of (638/(-10))/(-7 + 68/10)?
9
Suppose 3*l + 5*r - 36 = 0, -5*r - 36 = -0*l - 3*l. Suppose -14*y + 142 = -l*y. What is the units digit of y?
1
Suppose -4*y - 2*s + 250 = 0, 0 = 5*s - 3*s + 6. Suppose -y = -5*h + 156. What is the tens digit of h?
4
Suppose -3156 = 4*j - 8*j. Let k be j - 3/(12/16). What is the units digit of k/30 + (-3)/18?
6
Suppose 18*v - 5*o - 2071 = 15*v, 2*v + 4*o = 1410. What is the hundreds digit of v?
6
Suppose 3*v = 3997 + 884. What is the units digit of v?
7
Suppose -4*w - 4*g - 16 = 0, -3*g + 2*g - 5 = 0. Suppose -x - w = -4. Suppose 0 = -5*m + x + 27. What is the units digit of m?
6
Let n(r) = -45*r - 51. What is the hundreds digit of n(-11)?
4
Let l be 10/(4/(41 - -3)). Let a = 199 - l. What is the tens digit of a?
8
Let k(w) = 13*w**2 - 27*w + 13. Let f(h) = 3*h**2 - 7*h + 3. Let a(i) = -9*f(i) + 2*k(i). Let d be a(10). Let p(t) = 2*t + 27. What is the units digit of p(d)?
5
What is the hundreds digit of 8/32*916 - -1?
2
Suppose 2*y + 3 = 9. Suppose 0*g = y*g - 192. What is the tens digit of g?
6
Let y = 712 - 502. Suppose -13*z + y = -12*z. What is the tens digit of z?
1
Suppose 0 = 5*c + 5*u - 3130, -2*u - 2958 = -5*c + 151. What is the hundreds digit of c?
6
Let b be 2 + 21*4/6. Let j(y) = -2*y**2 + y + 2*y - 6*y - 3 + b*y. What is the units digit of j(6)?
3
What is the units digit of 7/((-252)/(-79353)) - (-3)/(-12)?
4
Suppose -120 = -10*k - 0. Let x be 1 + 0 + -1 + -11. Let s = k + x. What is the units digit of s?
1
Let m(w) = -43*w + 22. What is the hundreds digit of m(-9)?
4
Suppose 3*z - 2*z - 277 = 0. Let v = z + -3. What is the units digit of v?
4
Let u(g) = g**3 + 30*g**2 - 70*g - 74. What is the units digit of u(-32)?
8
Let a be (9/2)/(3/80). Let j = 32 + -26. Suppose -2*u + 8 = 0, j*u = 4*w + u - a. What is the units digit of w?
5
Let g = -27 + 25. Let z = g - -84. What is the units digit of z?
2
Suppose -4*h = -6 - 2. Let f be 4 - 1*(3 - h). Suppose f*i - 70 = -4*p, -4 - 16 = -p - 2*i. What is the tens digit of p?
1
Let w(p) = p**3 - 10*p**2 - 9*p - 23. Let s be w(11). What is the tens digit of -7*1*(s + -1)?
1
Suppose u + u + 99 = 5*q, u + 57 = 5*q. Let t = u + 12. Let d = t - -58. What is the tens digit of d?
2
Suppose 0 = 5*s - 7*s. Suppose 1 = 4*p - 3*z, s = -5*p - 3*z + 26 + 9. Suppose 2*o = -p + 32. What is the tens digit of o?
1
Suppose -12 = -4*n + 4. What is the tens digit of (-8)/6 + (n - 4632/(-18))?
6
Let v(j) = j - 3 + 15*j + 2 + 0. Let u be v(-2). What is the units digit of 1/(-1 + (-36)/u)?
1
Let r = -10157 - -14547. What is the tens digit of r?
9
Let c be 18/45 - (-4376)/10. Suppose 5*b - 152 + c = 2*v, -5*v + 680 = 5*b. What is the hundreds digit of v?
1
Suppose -17*m = -23*m + 3912. What is the tens digit of m?
5
Suppose 5*j + 2*d - 519 - 683 = 0, -4*j + 964 = d. What is the units digit of j?
2
Let i = -3376 - -7045. What is the thousands digit of i?
3
Let b(w) = -29*w**3 + 28*w + 21. What is the tens digit of b(-6)?
1
Let q = 44 - 23. Let c = q + -7. What is the units digit of c?
4
Suppose -q - 3*q = -3*a - 862, q = -2*a + 221. Suppose 4*j - q = -3*c, -5*c = -0*c - 5*j - 385. What is the units digit of c?
5
Let j be 19 - -179 - (-3 - -1). Suppose 660 = 5*y - j. What is the tens digit of y/6*(-6)/(-4)?
4
Suppose 16*c = 7100 - 12. What is the tens digit of c?
4
Suppose 0 = 4*j - 2*f + 456, 5*j + 2*f = -2*f - 557. Let a = j + 50. What is the tens digit of (-2758)/a - 4/(-18)?
4
Suppose -3*q = 2*t - q + 28, 4*t - 4*q = -40. Let d be (2/(-4) + 1)/(7/(-294)). Let z = t - d. What is the units digit of z?
9
Let o(k) = 3*k**2 - 18*k + 1 - 4*k**2 + 15*k. Let x be o(2). Let v = 54 + x. What is the units digit of v?
5
Let p be (-1 - 5)*(-6)/12. Suppose 2*l = -5*r + l + 117, l = -p. What is the tens digit of r?
2
Let q(o) = 6*o - 21*o - 13 + 35*o. What is the tens digit of q(6)?
0
Let r = -83 + 241. Suppose s - 99 = -28. Suppose -5*d + r = -5*x + 13, -x = 3*d - s. What is the tens digit of d?
2
Suppose -4*o + 89 = -0*o + 5*d, -3*o + 73 = 5*d. Let q be (o/(-6))/((-10)/15). Let c = 2 + q. What is the units digit of c?
6
Let z(l) = -207*l + 1. What is the hundreds digit of z(-1)?
2
Let n(r) = -357*r - 56. What is the hundreds digit of n(-3)?
0
Suppose -4*h + 1781 + 415 = 0. What is the units digit of h?
9
Suppose -206 = 6*q - 212. Let v = 0 + -2. What is the units digit of ((q - v) + 0)*10?
0
Let g(c) be the first derivative of -5*c**2 + 10*c + 12 + 10/3*c**3 - 1/4*c**4. What is the units digit of g(9)?
1
Let a(q) be the second derivative of q**4/4 - 3*q**3/2 + 3*q**2 - 15*q. What is the tens digit of a(7)?
9
Let f = -15 - -17. Suppose -8*c + f*c + 438 = 0. What is the tens digit of c?
7
Suppose -5*r = -2*d + 55, 3*d + 4*r + 24 - 141 = 0. Let j be 20/d - 1039/(-7). Suppose j = 5*f - 1. What is the units digit of f?
0
Let d(b) be the second derivative of b**4/6 + 5*b**3/3 + 13*b. What is the units digit of d(-6)?
2
Let z = -31 - -30. What is the units digit of 6*z/2 - -48?
5
Let s = -21 + 97. Suppose -3*o - s = 5*b, -4*o - 4*b - 112 = -0*b. Let a = o + 64. What is the tens digit of a?
3
Suppose -14*v + 39*v = 24350. What is the hundreds digit of v?
9
Let t = -2 - -6. Suppose -3*z + 15 = -t*p, -4*p = 4*z - 0*p + 8. What is the tens digit of (-1 - -4) + (z - -34)?
3
Let z(d) = 2*d**3 - 2*d**2 - 13*d + 12. Let u be 8/6*(4/(-8) + 5). What is the hundreds digit of z(u)?
2
Suppose -2*l - 922 = -3*q, 3*q + 5*l - 897 = 2*l. What is the hundreds digit of q?
3
Let d = -23 + 43. Let n be 46/(-5) - d/25. What is the tens digit of (-765)/(-33) + n/55?
2
Suppose 6*o - o = 25. Suppose 2*z = z - o, -5*x + 2*z = -295. What is the tens digit of x?
5
What is the thousands digit of -1 - 4/(-20) - 140180/(-100)?
1
Suppose -2*o - 2*f + 10 = 0, -2*o - 2*o = 5*f - 22. Suppose 2*t = 3 + 5. Suppose -14 = -o*l + t. What is the units digit of l?
6
Let v(i) = 2*i - 19. Suppose -29 + 13 = -2*c. Let l be v(c). Let k = 3 - l. What is the units digit of k?
6
Let q = 33 - 15. Let m be q - (5 - 2 - 0). Suppose -2*x + m = -x. What is the units digit of x?
5
What is the tens digit of (1364 - (-15)/(-5)) + -3 + 0?
5
Suppose 67 = a - 3*q - 0*q, 3*a + 3*q - 189 = 0. What is the tens digit of a?
6
Let c be ((-25)/(-10))/((-2)/(-4)). Suppose -n - 8 = -c*n, 4*n = -w + 10. Suppose -3*l - 5*f = 11, -w*l + 2*f - 1 = -5*l. What is the units digit of l?
3
Let o(b) = -5*b - 5. Let f be o(-7). Let q = f + -28. What is the units digit of (-142)/(-3) + q/(-6)?
7
Let w(g) be the second derivative of g**4/12 - 7*g**3/3 + g**2/2 - 12*g. What is the units digit of w(14)?
1
Let x be (-483)/(-14) - 2/(-4). Let h = 63 - x. What is the tens digit of h?
2
Suppose -4*s = -s + 435. Let m = -70 - s. What is the tens digit of m?
7
Let x = -9 + 9. Suppose l - 5*q + 91 = 2*l, -l + 4*q + 64 = x. What is the tens digit of l?
7
Suppose 25*l = 27*l + q - 5412, -5416 = -2*l - 2*q. What is the units digit of l?
4
Suppose 5*k - 6132 = -7*k. What is the tens digit of k?
1
What is the tens digit of (-288103)/(-427) - (-1)/(7/2)?
7
Suppose 0 = -2*y - y + 27. Let a = -9 + y. Suppose -3*v = -0*l - 2*l + 67, a = -2*v - 10. What is the tens digit of l?
2
Suppose -7*j + 27*j - 13860 = 0. What is the hundreds digit of j?
6
Let h(j) = -j**3 - j**2 - j - 14. Let t be h(0). Let n(a) = -218 + a**2 + 13*a + 431 - 223. What is the units digit of n(t)?
4
What is the tens digit of -20*(-10)/(-20)*-358?
8
Let i = 16 - 14. Let l(n) = 32*n - 3. Let o be l(i). Let k = -39 + o. What is the units digit of k?
2
Suppose -2*q - 2*q = 5*p + 37, -5*q = -5*p - 55. What is the units digit of 27/(-15) + 2 - p/5?
2
Let g(p) = 5*p**3 + 4*p**2 + 7*p - 14. What is the units digit of g(4)?
8
Let l(t) = 19*t**3 - t**2 + 3*t - 2. Suppose -5*u + 4 = -6. Let j be l(u). What is the units digit of 39/26*j/6?
8
Let b = -145 - -234. What is the units digit of b?
9
Let v be (-14)/35 - (-42)/5. What is the units digit of (((-1036)/v)/(-